2758*d + 30 = 2763*d. Calculate the remainder when 2415 is divided by d.
3
Let t = -16 - 132. What is the remainder when t/((-8)/(24/6)) is divided by 19?
17
Suppose 6*c = -68*c + 6438. Calculate the remainder when 336 is divided by c.
75
Let q(z) = -12 - 25 - 1 - z**3 - 13*z**2 + 10*z. Let l be q(-14). Calculate the remainder when 127 is divided by (-6)/l*(-1 + -38).
10
Suppose -w + 4*w = 3*q - 444, 3*q = 2*w + 439. Calculate the remainder when q is divided by (-1 - 776/(-26)) + (-4)/234*-9.
27
Let z = -46 + 72. Let n = 112 - z. Let w = n + -56. What is the remainder when 119 is divided by w?
29
Let b be -2 + 1005 - (2 - 0). Suppose 0 = 7*g - 0*g - b. Let o(s) = 2*s**3 + 12*s**2 - 2*s - 12. Calculate the remainder when g is divided by o(-5).
47
Let j(h) = 2*h**3 - 49*h**2 - 80*h + 72. What is the remainder when 896 is divided by j(26)?
16
Let w(b) = 20*b + 4. Let a be w(2). Suppose 0 = 3*l + 65 - a. Calculate the remainder when (50442/(-66))/l - 2/11 is divided by 11.
10
Suppose 0 = 4*s + 5*u - 144, -u = -5*u. Calculate the remainder when 358 is divided by s.
34
Calculate the remainder when 766 is divided by ((-2)/4)/(-5 - (-44)/8) - -252.
13
Suppose -424 = -3*l - 136. Suppose 28*v - l = 24*v. What is the remainder when v is divided by 16?
8
Let q(p) = -2*p**2 - 19*p + 571. Calculate the remainder when 285 is divided by q(-22).
12
What is the remainder when 5537/9 - ((-10)/(-45) + 0) is divided by 104?
95
What is the remainder when (38/(-18) - -2) + 4971590/4122 is divided by 87?
75
Suppose 6*j - 71 = 91. Suppose 3*k = -6 + j. What is the remainder when 31 is divided by k?
3
What is the remainder when 5194/(-265)*230/(-4) is divided by 141?
140
Let s = -6676 - -6701. Calculate the remainder when 1147 is divided by s.
22
Let d(k) = -1 + 4 + 43*k - 79*k + 35*k. What is the remainder when d(-3) is divided by 2/(2 + (-2 - -1))?
0
Suppose i - 46 = 56. What is the remainder when i is divided by 33/22*(11 + 5)?
6
Let v = -32667 - -32917. Calculate the remainder when 18496 is divided by v.
246
Suppose -4*q = 4*q - 760. Suppose -5*w - 5*v + 90 = 0, -16*v + 19*v - 32 = -2*w. What is the remainder when q is divided by w?
7
Let k = -39 - -61. Let m = -5 - k. Calculate the remainder when 1/(m/(-357)) - 4/18 is divided by 8.
5
Let d = -106 - -109. Suppose d*h - 5*v = -2*h + 125, -5*h + 141 = -v. Suppose 4*s - 51 = 177. What is the remainder when s is divided by h?
28
Let f(n) = n**2 - 13*n + 24. Let h be f(11). Calculate the remainder when 61 is divided by h/(2 + -3)*(-532)/56.
4
Let o = 6245 - 2801. Calculate the remainder when o is divided by 860.
4
Let i(s) = 8*s**3 - 5*s**2 - 3*s + 3. Let y be (60/(-5))/(-2) - 3. Calculate the remainder when i(y) is divided by 57.
51
Let v(h) = 14*h**2 - 19*h - 5. What is the remainder when v(10) is divided by 71?
69
Let r(s) = -7*s - 29. Let b be r(-5). Let v be (-8)/(-36) - (-1123)/9. Suppose v = -q + b*q. Calculate the remainder when q is divided by 7.
4
Suppose 4*p - 2984 = 5*v, 0 = 4*p + 7*v + 534 - 3566. Calculate the remainder when p is divided by 305.
141
Let b(s) = s**3 - 11*s**2 + 7*s - 126. What is the remainder when b(12) is divided by 27?
21
Suppose 5*i - 18 - 37 = 0. Suppose -8*c - 5*w = -3*c - 225, 4*c = w + 205. Let v = c - i. What is the remainder when v is divided by 21?
18
Let v(d) = -d**3 + 8*d**2 + 9*d + 7. Let m be v(9). Let z(i) = 2*i + 9. Let q(a) = 7*a**2 - 45*a + 1. Calculate the remainder when q(8) is divided by z(m).
20
Let t(n) = -46*n**2 + 1187*n - 15. Calculate the remainder when t(25) is divided by 8.
6
Let f = -2554 + 2579. What is the remainder when 1295 is divided by f?
20
Let o(d) = 7*d**2 + 8*d - 3. Let b be o(6). Suppose -837 = -5*a - b. What is the remainder when a is divided by ((-600)/(-400)*(-8)/(-18))/(9/297)?
20
Let s = 182 - 179. Suppose 168 + 480 = s*r. What is the remainder when r is divided by 73?
70
Suppose 14*y - 2*y = 1632. Let k(p) = -3*p + 22. Let f be k(-17). Let z = f + -59. What is the remainder when y is divided by z?
10
What is the remainder when 80/(-15)*((-10329)/44 + 0) is divided by 14?
6
Let u = 3905 + -3198. What is the remainder when u is divided by 184?
155
Calculate the remainder when 3135 is divided by (-21)/(-6)*1/((-3)/(-24)).
27
Suppose -17*g - 6 = -20*g. Suppose 3*y - 374 = -h - 0*h, -g*y - 4*h = -236. Let l = 72 - 40. Calculate the remainder when y is divided by l.
30
Let g(u) = -4*u - 13. Suppose -2 = 2*a + 6. Let y be g(a). Suppose k = -3*i + y*k + 23, -4*k - 11 = i. Calculate the remainder when 11 is divided by i.
1
Let f(x) = 24*x**2 + 23*x - 31. Let c(u) = -13*u**2 - 11*u + 15. Let z(p) = -11*c(p) - 6*f(p). Calculate the remainder when 58 is divided by z(-17).
16
Let p(a) = 85*a**2 - 45*a - 4. Calculate the remainder when p(-3) is divided by 53.
48
Let z = 3163 - 3112. What is the remainder when 307 is divided by z?
1
Let m = -3102 + 3282. What is the remainder when m is divided by 43?
8
Suppose 48*f = 61*f - 11414. What is the remainder when f is divided by 20?
18
Let m = 127 - 3. Suppose 0 = -d + 3 + 2. Suppose -120 = -d*n + 5*r, -r - m = -5*n - 0*n. What is the remainder when n is divided by 15?
10
Suppose -34*j = -149*j + 603984 + 477706. What is the remainder when j is divided by 96?
94
Let y = 128 + -59. Suppose -y = -3*l + 3*k + 39, 134 = 4*l - 2*k. Calculate the remainder when 42 is divided by l.
11
Let j(x) = 9*x - 87. Let z be j(10). Suppose -z*u = 4*s + 1, 2*s + 0*u - 13 = 3*u. Calculate the remainder when 7 is divided by s.
1
Suppose 5*c - 140 = -5*o, -28*o - c + 183 = -22*o. What is the remainder when 989 is divided by o?
28
Let f = 63 + 12. Calculate the remainder when f is divided by ((-2)/(-1) + (-33)/6)*1792/(-224).
19
Suppose o + 2*q = 5, 47 = 4*o + 5*q + 27. Suppose -o*n - 141 = -4*g, 0*n + 165 = 5*g - 4*n. What is the remainder when 46 is divided by g?
17
Let v = -1579 - -1593. What is the remainder when 503 is divided by v?
13
Let p(i) = -i**2 + 5*i - 4. Let o be p(3). Suppose 0 = -o*u + 5*u - 231. Suppose 4 = -2*b, -s + 2*b + 104 = 4*s. Calculate the remainder when u is divided by s.
17
Let o(v) = -18*v**2 - 9*v + 150. Let m = 50 + 382. Suppose -5*q = u - 72, 4*u + q = -u + m. What is the remainder when u is divided by o(-3)?
12
Let q = 60 + 16. Let v be 21/(-7) - -8 - -55. Suppose -v = 6*j - 9*j. Calculate the remainder when q is divided by j.
16
Suppose -1111*f = -1076*f - 10745. What is the remainder when f is divided by 60?
7
Let c(m) = 54 - 16*m + 20*m + 16. What is the remainder when 144 is divided by c(-10)?
24
Calculate the remainder when 444 is divided by (45/5)/((-23)/(-230)).
84
Let w be 40986/63 - (0 - 6/14). Suppose -3*x + w = 510. What is the remainder when 187 is divided by x?
46
Let a(n) = -n + 41. Let m be a(34). Let z(i) = i**3 - 5*i**2 + 51. Calculate the remainder when z(m) is divided by 19.
16
Let p(c) = 224 - 272 + 59*c + 2*c**3 + 42*c**2 - 22*c. What is the remainder when 35 is divided by p(-20)?
11
Let b(v) = v**3 - 6*v**2 + v + 1. Let k = 61 - 39. What is the remainder when b(6) is divided by (-10)/55 - -4*12/k?
1
Suppose -15*w = 175 + 1355. Let p = -21 - w. Suppose p + 349 = 5*f. Calculate the remainder when f is divided by 9.
5
Let d(n) = 8*n - 2. Let x(o) = 2*o**2 - 8*o - 11. Calculate the remainder when x(-8) is divided by d(2).
13
Let r(m) = m**3 - 27*m**2 + 37*m - 17. What is the remainder when r(27) is divided by 36?
10
Suppose -6*l - 192 = 2*l. Let k = -6 - l. Let n(m) = -5*m + 12. Calculate the remainder when n(-4) is divided by k.
14
Suppose 64 = 11*r + 5*r. Suppose -r*j - 270 = -9*j. Suppose 0 = -5*d + h + 570, -d + 4*h = -j - 41. What is the remainder when d is divided by 17?
13
Let y be (52/(-10) + 6)/(3/75). Suppose -y*j - 10 = -21*j. What is the remainder when j is divided by (7/(-4))/(2/(-8))?
3
Suppose -11*z = -26*z + 45. Suppose -14*y - z*y = -4216. Calculate the remainder when y is divided by 14.
10
Let z be 6/(-57) - (-17366)/361. Suppose 0 = g + 3*a - 20, 2*a = 49*g - z*g - 35. Calculate the remainder when g is divided by 25.
4
Suppose 3222 = -48*p + 50*p - 5*r, -5*r - 8070 = -5*p. What is the remainder when p is divided by 108?
104
Suppose 31 = -4*i + 55. Let n(l) = 6*l**2 - l - 1. Calculate the remainder when ((-7)/((-56)/i))/((-3)/(-324)) is divided by n(2).
18
Let c(